(-1). What is the highest common divisor of r and h?
8
Suppose -2*c - 4*u = -48, 88 = 3*c + 5*u + 15. Suppose 4*p - 385 = -p + r, 0 = 4*r - 20. What is the highest common divisor of c and p?
26
Let m = 126 + -62. Calculate the greatest common factor of 160 and m.
32
Suppose j - 23 - 41 = 0. What is the highest common divisor of j and 8?
8
Let c be (14/6)/(-2*(-4)/48). Let k = 137 + -39. What is the greatest common factor of k and c?
14
Suppose 4*g - 62 = 2*a, -72 = -g - 5*a - 29. Let c = -24 - -39. Let v = 105 - c. What is the greatest common divisor of v and g?
18
Let t = 940 + -1610. Let p be t/(-6) - 1/(-3). Suppose -3*g + 112 = 5*g. Calculate the greatest common divisor of g and p.
14
Let r = 6 + -4. Suppose -8*f - 3 = g - 3*f, r*f = -3*g + 30. Calculate the highest common factor of g and 84.
12
Let i be (-4)/6 + 200/30. Calculate the greatest common factor of i and 9.
3
Let d = 7 - 3. Let c be ((-156)/d)/(-2 + 1). Calculate the greatest common factor of c and 26.
13
Let a(p) = p**3 - p**2 - 5*p + 3. Let j be (0 + -9)*3/(-9). Let d be a(j). Calculate the greatest common factor of 9 and d.
3
Let o = 8 + 61. Let n(d) = 48*d**2 + 3*d. Let s be n(-2). Suppose 4*w + z - s = 0, 5*z - 2 = -2*w + 100. Calculate the highest common factor of w and o.
23
Suppose -101 - 55 = -v. Let p be (-167)/1*(-2 - -1). Suppose -3*b - v = -4*n - 7*b, -5*n + p = -2*b. What is the greatest common divisor of n and 5?
5
Let m be (-14)/(-6) - 4/12. Suppose -4*i = 5*r - 13, 5 = m*i - 3*r + 4. Suppose -i*t + 2 = -6. What is the greatest common divisor of 2 and t?
2
Let k be 0 + 0 + 13 + 1. Suppose -280 = -v - 3*v. What is the greatest common divisor of k and v?
14
Let o = 26 - -59. What is the highest common divisor of o and 34?
17
Let m(k) be the third derivative of k**5/20 - 4*k**3/3 + k**2. Let q be m(6). What is the greatest common factor of 20 and q?
20
Suppose 3*p = -5*i + 213, -3*i + 5*p + 23 = -132. What is the highest common factor of 15 and i?
15
Suppose 3*m = 2*o - 6*o + 22, -o = 3*m - 19. Let t be ((-153)/(-34))/(3/4). What is the greatest common divisor of t and m?
6
Let i be 7/42 + (-574)/(-12). What is the highest common divisor of 6 and i?
6
Let y(a) = a**2 + a + 2. Let q be y(-3). Let s = 16 - -48. What is the highest common divisor of s and q?
8
Suppose -2*o + 14 = 2*d, 8 = o + 3*d - 3. Let p = o - -7. Calculate the highest common divisor of 132 and p.
12
Suppose -2 = -2*z, -4*y + z + 64 = -3*z. Calculate the highest common divisor of y and 34.
17
Let g = 2 + 1. Let v be -3*-14*g/18. Calculate the greatest common factor of v and 21.
7
Suppose n - 16 = 2*x, 7 = -5*x - 3. What is the highest common factor of n and 3?
3
Let r be 2/7 + (-4)/14. Suppose r = -w - w + 88. Calculate the highest common factor of w and 4.
4
Suppose 36 = 5*b + 2*o, -2*b - 4*o + 0*o = -8. What is the highest common factor of 8 and b?
8
Suppose -8 = -o - 5. What is the highest common divisor of o and 3?
3
Let a(v) = -v**2 + 2*v + 16. Let q be a(0). What is the highest common divisor of 176 and q?
16
Suppose -6 = -2*a + 3*u, 0*a - 4*a + 5*u + 16 = 0. Calculate the highest common factor of 1 and a.
1
Let i(q) = -q**3 + 19*q**2 + 4*q - 31. Let t be i(19). Calculate the highest common divisor of 15 and t.
15
Suppose i - 30 = -2*d - 3*i, -4*i + 45 = 3*d. What is the highest common factor of 3 and d?
3
Let v(l) = -l**2 - 6*l - 4. Let a be v(-2). What is the greatest common factor of 2 and a?
2
Let k(c) = 7*c**2 + 2. Let n be k(2). Let u = n + -16. Calculate the highest common divisor of u and 2.
2
Let c = -93 + 135. Suppose -15 = -3*g + 27. What is the highest common factor of c and g?
14
Let h be -1*(-1)/((-3)/(-9)). Suppose -69 = -h*z - 30. Calculate the greatest common factor of 91 and z.
13
Let o(y) = -2*y - 3. Let f be o(-3). Let b be (4 + 2)/((-2)/f). Let g be (-303)/(-9) + 6/b. Calculate the greatest common factor of g and 3.
3
Let d(b) = b**2 + b - 8. Let t be d(7). Suppose t + 56 = 4*x. What is the highest common divisor of 13 and x?
13
Let o = 136 - 61. Let i be (3/2)/((-2)/(-20)). What is the highest common divisor of i and o?
15
Suppose -5*z = -6*z + 90. Let d be (1*z)/2 + -3. Let l = 43 + -15. Calculate the greatest common divisor of l and d.
14
Let r be 2/2 + (-10)/(-5). What is the highest common factor of 27 and r?
3
Let s(d) = d**3 + 5*d**2 - 2*d - 3. Let x be s(-5). Suppose 4*q + 62 = 2*h, 4*h - 128 = -3*q + x*q. Calculate the highest common factor of 11 and h.
11
Suppose 0 = 2*n + 4*a - 52, a + 3*a = 3*n - 98. Calculate the greatest common divisor of 45 and n.
15
Let k(x) = 3*x + 3. Let p be k(-2). Let s be -1 + 3/(p/(-16)). Calculate the highest common divisor of s and 5.
5
Let v(x) = 2*x**2 - x + 6. Let g be v(0). What is the highest common factor of 6 and g?
6
Let n be (0 - (-4 + 3)) + 2. Suppose z - 5*z + 56 = 5*y, -z = n*y - 35. What is the greatest common divisor of 36 and y?
12
Suppose -14*d = -9*d - 50. Let i = -50 + 90. What is the highest common factor of d and i?
10
Let z = -38 - -55. What is the greatest common divisor of z and 85?
17
Suppose -5*i = -0*i - 350. What is the highest common factor of i and 14?
14
Let a = 8 + 1. Suppose 2*m = 2 + 4. Suppose -2*o - m*n = -21, 4*n = o + n + 12. Calculate the highest common divisor of o and a.
3
Let s = -50 - -115. Let d = s + 7. Let w = 7 - -2. Calculate the highest common divisor of d and w.
9
Let g = 15 - 2. What is the greatest common factor of g and 39?
13
Let z = 13 + 1. Let x be (-288)/(-28) + (-4)/z. Calculate the greatest common divisor of x and 110.
10
Suppose -2*x + 3 = -3. Suppose -4*s + x = -s. Suppose -s = -3*t + 26. Calculate the highest common factor of 27 and t.
9
Suppose 22*s - 168 = 16*s. Calculate the highest common divisor of 28 and s.
28
Suppose -4*g = -9*g + 300. Let o = g + -27. Suppose o = 2*a - a. Calculate the highest common divisor of 22 and a.
11
Suppose 0*j + 4*j - 268 = 0. Let k be (-4)/(-16) - j/(-4). Suppose 306 = -z + 3*z. What is the greatest common factor of z and k?
17
Let g be (-20)/(30/(-6)) - -8. Calculate the greatest common factor of g and 324.
12
Let h(y) = -12*y - 1. Let b be h(-4). Let l = b + -22. Calculate the greatest common divisor of 5 and l.
5
Suppose 3*g = -2*g - 395. Let j = g + 144. Suppose 0 = w - 2*w + 26. Calculate the greatest common factor of j and w.
13
Suppose 0*h - 5*h - 15 = -r, -2*h + 42 = 2*r. Suppose -2*f + 48 = p - 312, f - 3*p - 180 = 0. What is the greatest common divisor of r and f?
20
Suppose h - 5*w - 27 = -3*h, 33 = 4*h + w. What is the highest common factor of 8 and h?
8
Suppose d = c + 36, -78 = -3*d + c - 4*c. What is the greatest common divisor of 279 and d?
31
Let b(i) = i**3 + 9*i**2 + 9*i. Let g be b(-8). Let q = -1 - g. Calculate the highest common divisor of 21 and q.
7
Let i(b) = -b**3 - 4*b**2 - 4*b - 4. Let f be i(-5). Suppose -h + f = -14. Calculate the greatest common divisor of 5 and h.
5
Let p(d) = -7*d + 63. Let j be p(7). What is the highest common factor of j and 14?
14
Suppose -w - 3 = 0, -3*d - 2*w + 184 - 1 = 0. Suppose -3*p + d = 21. Let n be 2/6*(3 + 60). Calculate the greatest common factor of p and n.
7
Suppose 0 = -0*j + 4*j - 232. Suppose -3*y + 8 = -j. What is the highest common divisor of y and 33?
11
Suppose -4*f - r = 0, -2*f - r = -f. Let t be 5/(-2 + 3 + f). Suppose 0 = t*w - w - 24. What is the highest common factor of w and 15?
3
Let j be (14/10 - 3)*-10. What is the greatest common divisor of 40 and j?
8
Suppose 3*o + 3*k - 6 = -k, 3 = k. Let v = 0 - o. What is the greatest common factor of 18 and v?
2
Suppose -3*f = 5*k + 30 - 100, -4*f + 124 = -k. What is the highest common factor of 10 and f?
10
Let w be 78/52*((-22)/(-3))/1. Suppose 0 = -2*i - 2*p + 172, -i + 254 = 2*i + 5*p. Calculate the greatest common divisor of w and i.
11
Let l = 5 + -1. Suppose l*q = 2*b - 3*b + 4, -4*b + q = -33. Calculate the greatest common factor of b and 56.
8
Suppose -5*i + 19 = 5*a - 21, 4*i - 2*a - 8 = 0. Suppose -4*x = -i*b - 208, -2*x + 0*x + 108 = -3*b. What is the greatest common factor of x and 16?
16
Suppose -t = 3*t - 3*p - 195, 0 = -5*t - 3*p + 264. What is the highest common divisor of t and 255?
51
Let h(f) = -f**2 - 7*f - 1. Let v(j) = -j - 5. Let x be v(0). Let i be h(x). What is the greatest common divis